{"id":204,"date":"2021-03-03T13:12:48","date_gmt":"2021-03-03T12:12:48","guid":{"rendered":"http:\/\/www.fundacionrac.org\/rac\/?post_type=avada_portfolio&#038;p=204"},"modified":"2021-03-12T19:47:14","modified_gmt":"2021-03-12T18:47:14","slug":"caio-reisewitz-maracutaia","status":"publish","type":"avada_portfolio","link":"http:\/\/www.fundacionrac.org\/rac\/seccion\/caio-reisewitz-maracutaia\/","title":{"rendered":"Caio Reisewitz. Maracutaia"},"content":{"rendered":"<div class=\"fusion-fullwidth fullwidth-box fusion-builder-row-1 fusion-flex-container nonhundred-percent-fullwidth non-hundred-percent-height-scrolling\" style=\"background-color: rgba(255,255,255,0);background-position: center center;background-repeat: no-repeat;border-width: 0px 0px 0px 0px;border-color:#e2e2e2;border-style:solid;\" ><div class=\"fusion-builder-row fusion-row fusion-flex-align-items-flex-start\" style=\"max-width:1540px;margin-left: calc(-10% \/ 2 );margin-right: calc(-10% \/ 2 );\"><div class=\"fusion-layout-column fusion_builder_column fusion-builder-column-0 fusion_builder_column_1_3 1_3 fusion-flex-column\"><div class=\"fusion-column-wrapper fusion-flex-justify-content-flex-start fusion-content-layout-column\" style=\"background-position:left top;background-repeat:no-repeat;-webkit-background-size:cover;-moz-background-size:cover;-o-background-size:cover;background-size:cover;padding: 0px 0px 0px 0px;\"><div ><span class=\" fusion-imageframe imageframe-none imageframe-1 hover-type-none\"><img decoding=\"async\" width=\"1004\" height=\"1417\" alt=\"Caio Reisewitz. Maracutaia\" title=\"Caio Reisewitz. Maracutaia\" src=\"http:\/\/www.fundacionrac.org\/rac\/wp-content\/uploads\/Caio_Reisewitz.jpg\" class=\"img-responsive wp-image-205\" srcset=\"http:\/\/www.fundacionrac.org\/rac\/wp-content\/uploads\/Caio_Reisewitz-200x282.jpg 200w, http:\/\/www.fundacionrac.org\/rac\/wp-content\/uploads\/Caio_Reisewitz-400x565.jpg 400w, http:\/\/www.fundacionrac.org\/rac\/wp-content\/uploads\/Caio_Reisewitz-600x847.jpg 600w, http:\/\/www.fundacionrac.org\/rac\/wp-content\/uploads\/Caio_Reisewitz-800x1129.jpg 800w, http:\/\/www.fundacionrac.org\/rac\/wp-content\/uploads\/Caio_Reisewitz.jpg 1004w\" sizes=\"(max-width: 640px) 100vw, 400px\" \/><\/span><\/div><\/div><\/div><style type=\"text\/css\">.fusion-body .fusion-builder-column-0{width:33.333333333333% !important;margin-top : 0px;margin-bottom : 20px;}.fusion-builder-column-0 > .fusion-column-wrapper {padding-top : 0px !important;padding-right : 0px !important;margin-right : 13.5%;padding-bottom : 0px !important;padding-left : 0px !important;margin-left : 13.5%;}@media only screen and (max-width:1024px) {.fusion-body .fusion-builder-column-0{width:33.333333333333% !important;order : 0;}.fusion-builder-column-0 > .fusion-column-wrapper {margin-right : 13.5%;margin-left : 13.5%;}}@media only screen and (max-width:640px) {.fusion-body .fusion-builder-column-0{width:100% !important;order : 0;}.fusion-builder-column-0 > .fusion-column-wrapper {margin-right : 4.5%;margin-left : 4.5%;}}<\/style><div class=\"fusion-layout-column fusion_builder_column fusion-builder-column-1 fusion_builder_column_2_3 2_3 fusion-flex-column fusion-flex-align-self-flex-start\"><div class=\"fusion-column-wrapper fusion-flex-justify-content-flex-start fusion-content-layout-column\" style=\"background-position:left top;background-repeat:no-repeat;-webkit-background-size:cover;-moz-background-size:cover;-o-background-size:cover;background-size:cover;border-width: 0 0 0 1px;border-color:#76b82d;border-style:solid;padding: 0px 0px 0px 30px;\"><div class=\"fusion-separator\" style=\"align-self: flex-start;margin-right:auto;margin-bottom:20px;width:100%;max-width:30%;\"><div class=\"fusion-separator-border sep-single\" style=\"border-color:#76b82d;border-top-width:5px;\"><\/div><\/div><div class=\"fusion-text fusion-text-1\" style=\"transform:translate3d(0,0,0);\"><h2>T\u00edtulo<\/h2>\n<p>Cat\u00e1logo. Edici\u00f3n biling\u00fce espa\u00f1ol-ingl\u00e9s, 136 p\u00e1ginas.<\/p>\n<h3>A\u00f1o<\/h3>\n<p>2009<\/p>\n<h3>Coordinaci\u00f3n editorial<\/h3>\n<p>David Barro, Olga Otero Tovar<\/p>\n<h3>Texto<\/h3>\n<p>David Barro<\/p>\n<h3>Dise\u00f1o gr\u00e1fico<\/h3>\n<p>DARDO (Cristina Moralejo)<\/p>\n<h3>Traducciones<\/h3>\n<p>David Prescott<\/p>\n<h3>Edici\u00f3n<\/h3>\n<p>Fundaci\u00f3n Rac \/Fundaci\u00f3n Pedro Barri\u00e9 de la Maza<\/p>\n<h3>Precio<\/h3>\n<p>20 euros<\/p>\n<\/div><\/div><\/div><style type=\"text\/css\">.fusion-body .fusion-builder-column-1{width:66.666666666667% !important;margin-top : 0px;margin-bottom : 20px;}.fusion-builder-column-1 > .fusion-column-wrapper {padding-top : 0px !important;padding-right : 0px !important;margin-right : 6.75%;padding-bottom : 0px !important;padding-left : 30px !important;margin-left : 6.75%;}@media only screen and (max-width:1024px) {.fusion-body .fusion-builder-column-1{width:66.666666666667% !important;order : 0;}.fusion-builder-column-1 > .fusion-column-wrapper {margin-right : 6.75%;margin-left : 6.75%;}}@media only screen and (max-width:640px) {.fusion-body .fusion-builder-column-1{width:100% !important;order : 0;}.fusion-builder-column-1 > .fusion-column-wrapper {margin-right : 4.5%;margin-left : 4.5%;}}<\/style><\/div><style type=\"text\/css\">.fusion-body .fusion-flex-container.fusion-builder-row-1{ padding-top : 0px;margin-top : 0px;padding-right : 0px;padding-bottom : 0px;margin-bottom : 0px;padding-left : 0px;}<\/style><\/div>\n","protected":false},"excerpt":{"rendered":"","protected":false},"author":1,"featured_media":1796,"menu_order":74,"comment_status":"closed","ping_status":"closed","template":"","format":"standard","meta":{"footnotes":""},"portfolio_category":[12],"portfolio_skills":[],"portfolio_tags":[],"class_list":["post-204","avada_portfolio","type-avada_portfolio","status-publish","format-standard","has-post-thumbnail","hentry","portfolio_category-publicaciones"],"_links":{"self":[{"href":"http:\/\/www.fundacionrac.org\/rac\/wp-json\/wp\/v2\/avada_portfolio\/204","targetHints":{"allow":["GET"]}}],"collection":[{"href":"http:\/\/www.fundacionrac.org\/rac\/wp-json\/wp\/v2\/avada_portfolio"}],"about":[{"href":"http:\/\/www.fundacionrac.org\/rac\/wp-json\/wp\/v2\/types\/avada_portfolio"}],"author":[{"embeddable":true,"href":"http:\/\/www.fundacionrac.org\/rac\/wp-json\/wp\/v2\/users\/1"}],"replies":[{"embeddable":true,"href":"http:\/\/www.fundacionrac.org\/rac\/wp-json\/wp\/v2\/comments?post=204"}],"version-history":[{"count":3,"href":"http:\/\/www.fundacionrac.org\/rac\/wp-json\/wp\/v2\/avada_portfolio\/204\/revisions"}],"predecessor-version":[{"id":1794,"href":"http:\/\/www.fundacionrac.org\/rac\/wp-json\/wp\/v2\/avada_portfolio\/204\/revisions\/1794"}],"wp:featuredmedia":[{"embeddable":true,"href":"http:\/\/www.fundacionrac.org\/rac\/wp-json\/wp\/v2\/media\/1796"}],"wp:attachment":[{"href":"http:\/\/www.fundacionrac.org\/rac\/wp-json\/wp\/v2\/media?parent=204"}],"wp:term":[{"taxonomy":"portfolio_category","embeddable":true,"href":"http:\/\/www.fundacionrac.org\/rac\/wp-json\/wp\/v2\/portfolio_category?post=204"},{"taxonomy":"portfolio_skills","embeddable":true,"href":"http:\/\/www.fundacionrac.org\/rac\/wp-json\/wp\/v2\/portfolio_skills?post=204"},{"taxonomy":"portfolio_tags","embeddable":true,"href":"http:\/\/www.fundacionrac.org\/rac\/wp-json\/wp\/v2\/portfolio_tags?post=204"}],"curies":[{"name":"wp","href":"https:\/\/api.w.org\/{rel}","templated":true}]}}

<div class="fusion-fullwidth fullwidth-box fusion-builder-row-1 fusion-flex-container nonhundred-percent-fullwidth non-hundred-percent-height-scrolling" style="background-color: rgba(255,255,255,0);background-position: center center;background-repeat: no-repeat;border-width: 0px 0px 0px 0px;border-color:#e2e2e2;border-style:solid;" ><div class="fusion-builder-row fusion-row fusion-flex-align-items-flex-start" style="max-width:1540px;margin-left: calc(-10% / 2 );margin-right: calc(-10% / 2 );"><div class="fusion-layout-column fusion_builder_column fusion-builder-column-0 fusion_builder_column_1_3 1_3 fusion-flex-column"><div class="fusion-column-wrapper fusion-flex-justify-content-flex-start fusion-content-layout-column" style="background-position:left top;background-repeat:no-repeat;-webkit-background-size:cover;-moz-background-size:cover;-o-background-size:cover;background-size:cover;padding: 0px 0px 0px 0px;"><div ><span class=" fusion-imageframe imageframe-none imageframe-1 hover-type-none"><img decoding="async" width="1004" height="1417" alt="Caio Reisewitz. Maracutaia" title="Caio Reisewitz. Maracutaia" src="http://www.fundacionrac.org/rac/wp-content/uploads/Caio_Reisewitz.jpg" class="img-responsive wp-image-205" srcset="http://www.fundacionrac.org/rac/wp-content/uploads/Caio_Reisewitz-200x282.jpg 200w, http://www.fundacionrac.org/rac/wp-content/uploads/Caio_Reisewitz-400x565.jpg 400w, http://www.fundacionrac.org/rac/wp-content/uploads/Caio_Reisewitz-600x847.jpg 600w, http://www.fundacionrac.org/rac/wp-content/uploads/Caio_Reisewitz-800x1129.jpg 800w, http://www.fundacionrac.org/rac/wp-content/uploads/Caio_Reisewitz.jpg 1004w" sizes="(max-width: 640px) 100vw, 400px" /></span></div></div></div><style type="text/css">.fusion-body .fusion-builder-column-0{width:33.333333333333% !important;margin-top : 0px;margin-bottom : 20px;}.fusion-builder-column-0 > .fusion-column-wrapper {padding-top : 0px !important;padding-right : 0px !important;margin-right : 13.5%;padding-bottom : 0px !important;padding-left : 0px !important;margin-left : 13.5%;}@media only screen and (max-width:1024px) {.fusion-body .fusion-builder-column-0{width:33.333333333333% !important;order : 0;}.fusion-builder-column-0 > .fusion-column-wrapper {margin-right : 13.5%;margin-left : 13.5%;}}@media only screen and (max-width:640px) {.fusion-body .fusion-builder-column-0{width:100% !important;order : 0;}.fusion-builder-column-0 > .fusion-column-wrapper {margin-right : 4.5%;margin-left : 4.5%;}}</style><div class="fusion-layout-column fusion_builder_column fusion-builder-column-1 fusion_builder_column_2_3 2_3 fusion-flex-column fusion-flex-align-self-flex-start"><div class="fusion-column-wrapper fusion-flex-justify-content-flex-start fusion-content-layout-column" style="background-position:left top;background-repeat:no-repeat;-webkit-background-size:cover;-moz-background-size:cover;-o-background-size:cover;background-size:cover;border-width: 0 0 0 1px;border-color:#76b82d;border-style:solid;padding: 0px 0px 0px 30px;"><div class="fusion-separator" style="align-self: flex-start;margin-right:auto;margin-bottom:20px;width:100%;max-width:30%;"><div class="fusion-separator-border sep-single" style="border-color:#76b82d;border-top-width:5px;"></div></div><div class="fusion-text fusion-text-1" style="transform:translate3d(0,0,0);"><h2>Título</h2>
<p>Catálogo. Edición bilingüe español-inglés, 136 páginas.</p>
<h3>Año</h3>
<p>2009</p>
<h3>Coordinación editorial</h3>
<p>David Barro, Olga Otero Tovar</p>
<h3>Texto</h3>
<p>David Barro</p>
<h3>Diseño gráfico</h3>
<p>DARDO (Cristina Moralejo)</p>
<h3>Traducciones</h3>
<p>David Prescott</p>
<h3>Edición</h3>
<p>Fundación Rac /Fundación Pedro Barrié de la Maza</p>
<h3>Precio</h3>
<p>20 euros</p>
</div></div></div><style type="text/css">.fusion-body .fusion-builder-column-1{width:66.666666666667% !important;margin-top : 0px;margin-bottom : 20px;}.fusion-builder-column-1 > .fusion-column-wrapper {padding-top : 0px !important;padding-right : 0px !important;margin-right : 6.75%;padding-bottom : 0px !important;padding-left : 30px !important;margin-left : 6.75%;}@media only screen and (max-width:1024px) {.fusion-body .fusion-builder-column-1{width:66.666666666667% !important;order : 0;}.fusion-builder-column-1 > .fusion-column-wrapper {margin-right : 6.75%;margin-left : 6.75%;}}@media only screen and (max-width:640px) {.fusion-body .fusion-builder-column-1{width:100% !important;order : 0;}.fusion-builder-column-1 > .fusion-column-wrapper {margin-right : 4.5%;margin-left : 4.5%;}}</style></div><style type="text/css">.fusion-body .fusion-flex-container.fusion-builder-row-1{ padding-top : 0px;margin-top : 0px;padding-right : 0px;padding-bottom : 0px;margin-bottom : 0px;padding-left : 0px;}</style></div>
