{"id":628,"date":"2021-03-06T09:41:48","date_gmt":"2021-03-06T08:41:48","guid":{"rendered":"http:\/\/www.fundacionrac.org\/rac\/?post_type=avada_portfolio&#038;p=628"},"modified":"2021-03-08T08:06:31","modified_gmt":"2021-03-08T07:06:31","slug":"espazo-residual","status":"publish","type":"avada_portfolio","link":"http:\/\/www.fundacionrac.org\/rac\/seccion\/espazo-residual\/","title":{"rendered":"Espazo residual"},"content":{"rendered":"<div class=\"fusion-fullwidth fullwidth-box fusion-builder-row-1 fusion-flex-container nonhundred-percent-fullwidth non-hundred-percent-height-scrolling\" style=\"background-color: rgba(255,255,255,0);background-position: center center;background-repeat: no-repeat;border-width: 0px 0px 0px 0px;border-color:#e2e2e2;border-style:solid;\" ><div class=\"fusion-builder-row fusion-row fusion-flex-align-items-flex-start\" style=\"max-width:1442px;margin-left: calc(-3% \/ 2 );margin-right: calc(-3% \/ 2 );\"><div class=\"fusion-layout-column fusion_builder_column fusion-builder-column-0 fusion_builder_column_1_2 1_2 fusion-flex-column\"><div class=\"fusion-column-wrapper fusion-flex-justify-content-flex-start fusion-content-layout-column\" style=\"background-position:left top;background-repeat:no-repeat;-webkit-background-size:cover;-moz-background-size:cover;-o-background-size:cover;background-size:cover;padding: 0px 0px 0px 0px;\"><style type=\"text\/css\">.fusion-gallery-1 .fusion-gallery-image {border:0px solid #e2e2e2;}<\/style><div class=\"fusion-gallery fusion-gallery-container fusion-grid-1 fusion-columns-total-7 fusion-gallery-layout-grid fusion-gallery-1\" style=\"margin:-5px;\"><div style=\"padding:5px;\" class=\"fusion-grid-column fusion-gallery-column fusion-gallery-column-1 hover-type-none\"><div class=\"fusion-gallery-image\"><img decoding=\"async\" src=\"http:\/\/www.fundacionrac.org\/rac\/wp-content\/uploads\/Espazo_Residual_1.jpg\" width=\"1200\" height=\"797\" alt=\"\" title=\"Espazo_Residual_1\" aria-label=\"Espazo_Residual_1\" class=\"img-responsive wp-image-630\" srcset=\"http:\/\/www.fundacionrac.org\/rac\/wp-content\/uploads\/Espazo_Residual_1-200x133.jpg 200w, http:\/\/www.fundacionrac.org\/rac\/wp-content\/uploads\/Espazo_Residual_1-400x266.jpg 400w, http:\/\/www.fundacionrac.org\/rac\/wp-content\/uploads\/Espazo_Residual_1-600x399.jpg 600w, http:\/\/www.fundacionrac.org\/rac\/wp-content\/uploads\/Espazo_Residual_1-800x531.jpg 800w, http:\/\/www.fundacionrac.org\/rac\/wp-content\/uploads\/Espazo_Residual_1.jpg 1200w\" sizes=\"(min-width: 2200px) 100vw, (min-width: 640px) 1400px, \" \/><\/div><\/div><div class=\"clearfix\"><\/div><div style=\"padding:5px;\" class=\"fusion-grid-column fusion-gallery-column fusion-gallery-column-1 hover-type-none\"><div class=\"fusion-gallery-image\"><img decoding=\"async\" src=\"http:\/\/www.fundacionrac.org\/rac\/wp-content\/uploads\/Espazo_Residual_3.jpg\" width=\"1200\" height=\"797\" alt=\"\" title=\"Espazo_Residual_3\" aria-label=\"Espazo_Residual_3\" class=\"img-responsive wp-image-631\" srcset=\"http:\/\/www.fundacionrac.org\/rac\/wp-content\/uploads\/Espazo_Residual_3-200x133.jpg 200w, http:\/\/www.fundacionrac.org\/rac\/wp-content\/uploads\/Espazo_Residual_3-400x266.jpg 400w, http:\/\/www.fundacionrac.org\/rac\/wp-content\/uploads\/Espazo_Residual_3-600x399.jpg 600w, http:\/\/www.fundacionrac.org\/rac\/wp-content\/uploads\/Espazo_Residual_3-800x531.jpg 800w, http:\/\/www.fundacionrac.org\/rac\/wp-content\/uploads\/Espazo_Residual_3.jpg 1200w\" sizes=\"(min-width: 2200px) 100vw, (min-width: 640px) 1400px, \" \/><\/div><\/div><div class=\"clearfix\"><\/div><div style=\"padding:5px;\" class=\"fusion-grid-column fusion-gallery-column fusion-gallery-column-1 hover-type-none\"><div class=\"fusion-gallery-image\"><img decoding=\"async\" src=\"http:\/\/www.fundacionrac.org\/rac\/wp-content\/uploads\/Espazo_Residual_4.jpg\" width=\"1200\" height=\"797\" alt=\"\" title=\"Espazo_Residual_4\" aria-label=\"Espazo_Residual_4\" class=\"img-responsive wp-image-632\" srcset=\"http:\/\/www.fundacionrac.org\/rac\/wp-content\/uploads\/Espazo_Residual_4-200x133.jpg 200w, http:\/\/www.fundacionrac.org\/rac\/wp-content\/uploads\/Espazo_Residual_4-400x266.jpg 400w, http:\/\/www.fundacionrac.org\/rac\/wp-content\/uploads\/Espazo_Residual_4-600x399.jpg 600w, http:\/\/www.fundacionrac.org\/rac\/wp-content\/uploads\/Espazo_Residual_4-800x531.jpg 800w, http:\/\/www.fundacionrac.org\/rac\/wp-content\/uploads\/Espazo_Residual_4.jpg 1200w\" sizes=\"(min-width: 2200px) 100vw, (min-width: 640px) 1400px, \" \/><\/div><\/div><div class=\"clearfix\"><\/div><div style=\"padding:5px;\" class=\"fusion-grid-column fusion-gallery-column fusion-gallery-column-1 hover-type-none\"><div class=\"fusion-gallery-image\"><img decoding=\"async\" src=\"http:\/\/www.fundacionrac.org\/rac\/wp-content\/uploads\/Espazo_Residual_5.jpg\" width=\"1200\" height=\"843\" alt=\"\" title=\"Espazo_Residual_5\" aria-label=\"Espazo_Residual_5\" class=\"img-responsive wp-image-633\" srcset=\"http:\/\/www.fundacionrac.org\/rac\/wp-content\/uploads\/Espazo_Residual_5-200x141.jpg 200w, http:\/\/www.fundacionrac.org\/rac\/wp-content\/uploads\/Espazo_Residual_5-400x281.jpg 400w, http:\/\/www.fundacionrac.org\/rac\/wp-content\/uploads\/Espazo_Residual_5-600x422.jpg 600w, http:\/\/www.fundacionrac.org\/rac\/wp-content\/uploads\/Espazo_Residual_5-800x562.jpg 800w, http:\/\/www.fundacionrac.org\/rac\/wp-content\/uploads\/Espazo_Residual_5.jpg 1200w\" sizes=\"(min-width: 2200px) 100vw, (min-width: 640px) 1400px, \" \/><\/div><\/div><div class=\"clearfix\"><\/div><div style=\"padding:5px;\" class=\"fusion-grid-column fusion-gallery-column fusion-gallery-column-1 hover-type-none\"><div class=\"fusion-gallery-image\"><img decoding=\"async\" src=\"http:\/\/www.fundacionrac.org\/rac\/wp-content\/uploads\/Espazo_Residual_6.jpg\" width=\"1200\" height=\"843\" alt=\"\" title=\"Espazo_Residual_6\" aria-label=\"Espazo_Residual_6\" class=\"img-responsive wp-image-634\" srcset=\"http:\/\/www.fundacionrac.org\/rac\/wp-content\/uploads\/Espazo_Residual_6-200x141.jpg 200w, http:\/\/www.fundacionrac.org\/rac\/wp-content\/uploads\/Espazo_Residual_6-400x281.jpg 400w, http:\/\/www.fundacionrac.org\/rac\/wp-content\/uploads\/Espazo_Residual_6-600x422.jpg 600w, http:\/\/www.fundacionrac.org\/rac\/wp-content\/uploads\/Espazo_Residual_6-800x562.jpg 800w, http:\/\/www.fundacionrac.org\/rac\/wp-content\/uploads\/Espazo_Residual_6.jpg 1200w\" sizes=\"(min-width: 2200px) 100vw, (min-width: 640px) 1400px, \" \/><\/div><\/div><div class=\"clearfix\"><\/div><div style=\"padding:5px;\" class=\"fusion-grid-column fusion-gallery-column fusion-gallery-column-1 hover-type-none\"><div class=\"fusion-gallery-image\"><img decoding=\"async\" src=\"http:\/\/www.fundacionrac.org\/rac\/wp-content\/uploads\/Espazo_Residual_7.jpg\" width=\"1200\" height=\"843\" alt=\"\" title=\"Espazo_Residual_7\" aria-label=\"Espazo_Residual_7\" class=\"img-responsive wp-image-635\" srcset=\"http:\/\/www.fundacionrac.org\/rac\/wp-content\/uploads\/Espazo_Residual_7-200x141.jpg 200w, http:\/\/www.fundacionrac.org\/rac\/wp-content\/uploads\/Espazo_Residual_7-400x281.jpg 400w, http:\/\/www.fundacionrac.org\/rac\/wp-content\/uploads\/Espazo_Residual_7-600x422.jpg 600w, http:\/\/www.fundacionrac.org\/rac\/wp-content\/uploads\/Espazo_Residual_7-800x562.jpg 800w, http:\/\/www.fundacionrac.org\/rac\/wp-content\/uploads\/Espazo_Residual_7.jpg 1200w\" sizes=\"(min-width: 2200px) 100vw, (min-width: 640px) 1400px, \" \/><\/div><\/div><div class=\"clearfix\"><\/div><div style=\"padding:5px;\" class=\"fusion-grid-column fusion-gallery-column fusion-gallery-column-1 hover-type-none\"><div class=\"fusion-gallery-image\"><img decoding=\"async\" src=\"http:\/\/www.fundacionrac.org\/rac\/wp-content\/uploads\/Espazo_Residual_8.jpg\" width=\"1200\" height=\"843\" alt=\"\" title=\"Espazo_Residual_8\" aria-label=\"Espazo_Residual_8\" class=\"img-responsive wp-image-636\" srcset=\"http:\/\/www.fundacionrac.org\/rac\/wp-content\/uploads\/Espazo_Residual_8-200x141.jpg 200w, http:\/\/www.fundacionrac.org\/rac\/wp-content\/uploads\/Espazo_Residual_8-400x281.jpg 400w, http:\/\/www.fundacionrac.org\/rac\/wp-content\/uploads\/Espazo_Residual_8-600x422.jpg 600w, http:\/\/www.fundacionrac.org\/rac\/wp-content\/uploads\/Espazo_Residual_8-800x562.jpg 800w, http:\/\/www.fundacionrac.org\/rac\/wp-content\/uploads\/Espazo_Residual_8.jpg 1200w\" sizes=\"(min-width: 2200px) 100vw, (min-width: 640px) 1400px, \" \/><\/div><\/div><div class=\"clearfix\"><\/div><\/div><\/div><\/div><style type=\"text\/css\">.fusion-body .fusion-builder-column-0{width:50% !important;margin-top : 0px;margin-bottom : 20px;}.fusion-builder-column-0 > .fusion-column-wrapper {padding-top : 0px !important;padding-right : 0px !important;margin-right : 2.91%;padding-bottom : 0px !important;padding-left : 0px !important;margin-left : 2.91%;}@media only screen and (max-width:1024px) {.fusion-body .fusion-builder-column-0{width:50% !important;order : 0;}.fusion-builder-column-0 > .fusion-column-wrapper {margin-right : 2.91%;margin-left : 2.91%;}}@media only screen and (max-width:640px) {.fusion-body .fusion-builder-column-0{width:100% !important;order : 0;}.fusion-builder-column-0 > .fusion-column-wrapper {margin-right : 1.455%;margin-left : 1.455%;}}<\/style><div class=\"fusion-layout-column fusion_builder_column fusion-builder-column-1 fusion_builder_column_1_2 1_2 fusion-flex-column fusion-flex-align-self-flex-start\"><div class=\"fusion-column-wrapper fusion-flex-justify-content-flex-start fusion-content-layout-column\" style=\"background-position:left top;background-repeat:no-repeat;-webkit-background-size:cover;-moz-background-size:cover;-o-background-size:cover;background-size:cover;border-width: 0 0 0 1px;border-color:#76b82d;border-style:solid;padding: 0px 0px 0px 30px;\"><div class=\"fusion-text fusion-text-1\" style=\"transform:translate3d(0,0,0);\"><h4>2016<\/h4>\n<p>Del 16 de diciembre de 2016 al 20 de enero de 2017<\/p>\n<h2>Colectivo Cole(A)cci\u00f3n<br \/>\n<em>Espazo residual<\/em><\/h2>\n<\/div><div class=\"fusion-separator\" style=\"align-self: flex-start;margin-right:auto;margin-bottom:20px;width:100%;max-width:10%;\"><div class=\"fusion-separator-border sep-single\" style=\"border-color:#76b82d;border-top-width:5px;\"><\/div><\/div><div class=\"fusion-text fusion-text-2\" style=\"transform:translate3d(0,0,0);\"><p>Proyecto expositivo impulsado por un grupo de estudiantes del m\u00e1ster en Arte Contempor\u00e1nea. Creaci\u00f3n e Investigaci\u00f3n de la Facultad de Bellas Artes de Pontevedra, agrupados en el Colectivo Cole(La)cci\u00f3n. Tomando como punto de partida una serie de obras inacabadas o de materiales empleados para la creaci\u00f3n en diferentes disciplinas, este grupo de cerca de 15 estudiantes dio forma a una obra colectiva, que m\u00e1s all\u00e1 de las jornadas en las que pueda visitarse en este espacio, podr\u00e1 ser contemplada desde la calle a trav\u00e9s de la sombra que proyecta contra una tenerla.<\/p>\n<\/div><\/div><\/div><style type=\"text\/css\">.fusion-body .fusion-builder-column-1{width:50% !important;margin-top : 0px;margin-bottom : 20px;}.fusion-builder-column-1 > .fusion-column-wrapper {padding-top : 0px !important;padding-right : 0px !important;margin-right : 2.91%;padding-bottom : 0px !important;padding-left : 30px !important;margin-left : 2.91%;}@media only screen and (max-width:1024px) {.fusion-body .fusion-builder-column-1{width:50% !important;order : 0;}.fusion-builder-column-1 > .fusion-column-wrapper {margin-right : 2.91%;margin-left : 2.91%;}}@media only screen and (max-width:640px) {.fusion-body .fusion-builder-column-1{width:100% !important;order : 0;}.fusion-builder-column-1 > .fusion-column-wrapper {margin-right : 1.455%;margin-left : 1.455%;}}<\/style><\/div><style type=\"text\/css\">.fusion-body .fusion-flex-container.fusion-builder-row-1{ padding-top : 0px;margin-top : 0px;padding-right : 0px;padding-bottom : 0px;margin-bottom : 0px;padding-left : 0px;}<\/style><\/div>\n","protected":false},"excerpt":{"rendered":"<p>2016<\/p>\n","protected":false},"author":2,"featured_media":629,"menu_order":16,"comment_status":"closed","ping_status":"closed","template":"","format":"standard","meta":{"footnotes":""},"portfolio_category":[28,14,16],"portfolio_skills":[],"portfolio_tags":[],"class_list":["post-628","avada_portfolio","type-avada_portfolio","status-publish","format-standard","has-post-thumbnail","hentry","portfolio_category-28","portfolio_category-exposiciones","portfolio_category-pasadas"],"_links":{"self":[{"href":"http:\/\/www.fundacionrac.org\/rac\/wp-json\/wp\/v2\/avada_portfolio\/628","targetHints":{"allow":["GET"]}}],"collection":[{"href":"http:\/\/www.fundacionrac.org\/rac\/wp-json\/wp\/v2\/avada_portfolio"}],"about":[{"href":"http:\/\/www.fundacionrac.org\/rac\/wp-json\/wp\/v2\/types\/avada_portfolio"}],"author":[{"embeddable":true,"href":"http:\/\/www.fundacionrac.org\/rac\/wp-json\/wp\/v2\/users\/2"}],"replies":[{"embeddable":true,"href":"http:\/\/www.fundacionrac.org\/rac\/wp-json\/wp\/v2\/comments?post=628"}],"version-history":[{"count":2,"href":"http:\/\/www.fundacionrac.org\/rac\/wp-json\/wp\/v2\/avada_portfolio\/628\/revisions"}],"predecessor-version":[{"id":1267,"href":"http:\/\/www.fundacionrac.org\/rac\/wp-json\/wp\/v2\/avada_portfolio\/628\/revisions\/1267"}],"wp:featuredmedia":[{"embeddable":true,"href":"http:\/\/www.fundacionrac.org\/rac\/wp-json\/wp\/v2\/media\/629"}],"wp:attachment":[{"href":"http:\/\/www.fundacionrac.org\/rac\/wp-json\/wp\/v2\/media?parent=628"}],"wp:term":[{"taxonomy":"portfolio_category","embeddable":true,"href":"http:\/\/www.fundacionrac.org\/rac\/wp-json\/wp\/v2\/portfolio_category?post=628"},{"taxonomy":"portfolio_skills","embeddable":true,"href":"http:\/\/www.fundacionrac.org\/rac\/wp-json\/wp\/v2\/portfolio_skills?post=628"},{"taxonomy":"portfolio_tags","embeddable":true,"href":"http:\/\/www.fundacionrac.org\/rac\/wp-json\/wp\/v2\/portfolio_tags?post=628"}],"curies":[{"name":"wp","href":"https:\/\/api.w.org\/{rel}","templated":true}]}}

<div class="fusion-fullwidth fullwidth-box fusion-builder-row-1 fusion-flex-container nonhundred-percent-fullwidth non-hundred-percent-height-scrolling" style="background-color: rgba(255,255,255,0);background-position: center center;background-repeat: no-repeat;border-width: 0px 0px 0px 0px;border-color:#e2e2e2;border-style:solid;" ><div class="fusion-builder-row fusion-row fusion-flex-align-items-flex-start" style="max-width:1442px;margin-left: calc(-3% / 2 );margin-right: calc(-3% / 2 );"><div class="fusion-layout-column fusion_builder_column fusion-builder-column-0 fusion_builder_column_1_2 1_2 fusion-flex-column"><div class="fusion-column-wrapper fusion-flex-justify-content-flex-start fusion-content-layout-column" style="background-position:left top;background-repeat:no-repeat;-webkit-background-size:cover;-moz-background-size:cover;-o-background-size:cover;background-size:cover;padding: 0px 0px 0px 0px;"><style type="text/css">.fusion-gallery-1 .fusion-gallery-image {border:0px solid #e2e2e2;}</style><div class="fusion-gallery fusion-gallery-container fusion-grid-1 fusion-columns-total-7 fusion-gallery-layout-grid fusion-gallery-1" style="margin:-5px;"><div style="padding:5px;" class="fusion-grid-column fusion-gallery-column fusion-gallery-column-1 hover-type-none"><div class="fusion-gallery-image"><img decoding="async" src="http://www.fundacionrac.org/rac/wp-content/uploads/Espazo_Residual_1.jpg" width="1200" height="797" alt="" title="Espazo_Residual_1" aria-label="Espazo_Residual_1" class="img-responsive wp-image-630" srcset="http://www.fundacionrac.org/rac/wp-content/uploads/Espazo_Residual_1-200x133.jpg 200w, http://www.fundacionrac.org/rac/wp-content/uploads/Espazo_Residual_1-400x266.jpg 400w, http://www.fundacionrac.org/rac/wp-content/uploads/Espazo_Residual_1-600x399.jpg 600w, http://www.fundacionrac.org/rac/wp-content/uploads/Espazo_Residual_1-800x531.jpg 800w, http://www.fundacionrac.org/rac/wp-content/uploads/Espazo_Residual_1.jpg 1200w" sizes="(min-width: 2200px) 100vw, (min-width: 640px) 1400px, " /></div></div><div class="clearfix"></div><div style="padding:5px;" class="fusion-grid-column fusion-gallery-column fusion-gallery-column-1 hover-type-none"><div class="fusion-gallery-image"><img decoding="async" src="http://www.fundacionrac.org/rac/wp-content/uploads/Espazo_Residual_3.jpg" width="1200" height="797" alt="" title="Espazo_Residual_3" aria-label="Espazo_Residual_3" class="img-responsive wp-image-631" srcset="http://www.fundacionrac.org/rac/wp-content/uploads/Espazo_Residual_3-200x133.jpg 200w, http://www.fundacionrac.org/rac/wp-content/uploads/Espazo_Residual_3-400x266.jpg 400w, http://www.fundacionrac.org/rac/wp-content/uploads/Espazo_Residual_3-600x399.jpg 600w, http://www.fundacionrac.org/rac/wp-content/uploads/Espazo_Residual_3-800x531.jpg 800w, http://www.fundacionrac.org/rac/wp-content/uploads/Espazo_Residual_3.jpg 1200w" sizes="(min-width: 2200px) 100vw, (min-width: 640px) 1400px, " /></div></div><div class="clearfix"></div><div style="padding:5px;" class="fusion-grid-column fusion-gallery-column fusion-gallery-column-1 hover-type-none"><div class="fusion-gallery-image"><img decoding="async" src="http://www.fundacionrac.org/rac/wp-content/uploads/Espazo_Residual_4.jpg" width="1200" height="797" alt="" title="Espazo_Residual_4" aria-label="Espazo_Residual_4" class="img-responsive wp-image-632" srcset="http://www.fundacionrac.org/rac/wp-content/uploads/Espazo_Residual_4-200x133.jpg 200w, http://www.fundacionrac.org/rac/wp-content/uploads/Espazo_Residual_4-400x266.jpg 400w, http://www.fundacionrac.org/rac/wp-content/uploads/Espazo_Residual_4-600x399.jpg 600w, http://www.fundacionrac.org/rac/wp-content/uploads/Espazo_Residual_4-800x531.jpg 800w, http://www.fundacionrac.org/rac/wp-content/uploads/Espazo_Residual_4.jpg 1200w" sizes="(min-width: 2200px) 100vw, (min-width: 640px) 1400px, " /></div></div><div class="clearfix"></div><div style="padding:5px;" class="fusion-grid-column fusion-gallery-column fusion-gallery-column-1 hover-type-none"><div class="fusion-gallery-image"><img decoding="async" src="http://www.fundacionrac.org/rac/wp-content/uploads/Espazo_Residual_5.jpg" width="1200" height="843" alt="" title="Espazo_Residual_5" aria-label="Espazo_Residual_5" class="img-responsive wp-image-633" srcset="http://www.fundacionrac.org/rac/wp-content/uploads/Espazo_Residual_5-200x141.jpg 200w, http://www.fundacionrac.org/rac/wp-content/uploads/Espazo_Residual_5-400x281.jpg 400w, http://www.fundacionrac.org/rac/wp-content/uploads/Espazo_Residual_5-600x422.jpg 600w, http://www.fundacionrac.org/rac/wp-content/uploads/Espazo_Residual_5-800x562.jpg 800w, http://www.fundacionrac.org/rac/wp-content/uploads/Espazo_Residual_5.jpg 1200w" sizes="(min-width: 2200px) 100vw, (min-width: 640px) 1400px, " /></div></div><div class="clearfix"></div><div style="padding:5px;" class="fusion-grid-column fusion-gallery-column fusion-gallery-column-1 hover-type-none"><div class="fusion-gallery-image"><img decoding="async" src="http://www.fundacionrac.org/rac/wp-content/uploads/Espazo_Residual_6.jpg" width="1200" height="843" alt="" title="Espazo_Residual_6" aria-label="Espazo_Residual_6" class="img-responsive wp-image-634" srcset="http://www.fundacionrac.org/rac/wp-content/uploads/Espazo_Residual_6-200x141.jpg 200w, http://www.fundacionrac.org/rac/wp-content/uploads/Espazo_Residual_6-400x281.jpg 400w, http://www.fundacionrac.org/rac/wp-content/uploads/Espazo_Residual_6-600x422.jpg 600w, http://www.fundacionrac.org/rac/wp-content/uploads/Espazo_Residual_6-800x562.jpg 800w, http://www.fundacionrac.org/rac/wp-content/uploads/Espazo_Residual_6.jpg 1200w" sizes="(min-width: 2200px) 100vw, (min-width: 640px) 1400px, " /></div></div><div class="clearfix"></div><div style="padding:5px;" class="fusion-grid-column fusion-gallery-column fusion-gallery-column-1 hover-type-none"><div class="fusion-gallery-image"><img decoding="async" src="http://www.fundacionrac.org/rac/wp-content/uploads/Espazo_Residual_7.jpg" width="1200" height="843" alt="" title="Espazo_Residual_7" aria-label="Espazo_Residual_7" class="img-responsive wp-image-635" srcset="http://www.fundacionrac.org/rac/wp-content/uploads/Espazo_Residual_7-200x141.jpg 200w, http://www.fundacionrac.org/rac/wp-content/uploads/Espazo_Residual_7-400x281.jpg 400w, http://www.fundacionrac.org/rac/wp-content/uploads/Espazo_Residual_7-600x422.jpg 600w, http://www.fundacionrac.org/rac/wp-content/uploads/Espazo_Residual_7-800x562.jpg 800w, http://www.fundacionrac.org/rac/wp-content/uploads/Espazo_Residual_7.jpg 1200w" sizes="(min-width: 2200px) 100vw, (min-width: 640px) 1400px, " /></div></div><div class="clearfix"></div><div style="padding:5px;" class="fusion-grid-column fusion-gallery-column fusion-gallery-column-1 hover-type-none"><div class="fusion-gallery-image"><img decoding="async" src="http://www.fundacionrac.org/rac/wp-content/uploads/Espazo_Residual_8.jpg" width="1200" height="843" alt="" title="Espazo_Residual_8" aria-label="Espazo_Residual_8" class="img-responsive wp-image-636" srcset="http://www.fundacionrac.org/rac/wp-content/uploads/Espazo_Residual_8-200x141.jpg 200w, http://www.fundacionrac.org/rac/wp-content/uploads/Espazo_Residual_8-400x281.jpg 400w, http://www.fundacionrac.org/rac/wp-content/uploads/Espazo_Residual_8-600x422.jpg 600w, http://www.fundacionrac.org/rac/wp-content/uploads/Espazo_Residual_8-800x562.jpg 800w, http://www.fundacionrac.org/rac/wp-content/uploads/Espazo_Residual_8.jpg 1200w" sizes="(min-width: 2200px) 100vw, (min-width: 640px) 1400px, " /></div></div><div class="clearfix"></div></div></div></div><style type="text/css">.fusion-body .fusion-builder-column-0{width:50% !important;margin-top : 0px;margin-bottom : 20px;}.fusion-builder-column-0 > .fusion-column-wrapper {padding-top : 0px !important;padding-right : 0px !important;margin-right : 2.91%;padding-bottom : 0px !important;padding-left : 0px !important;margin-left : 2.91%;}@media only screen and (max-width:1024px) {.fusion-body .fusion-builder-column-0{width:50% !important;order : 0;}.fusion-builder-column-0 > .fusion-column-wrapper {margin-right : 2.91%;margin-left : 2.91%;}}@media only screen and (max-width:640px) {.fusion-body .fusion-builder-column-0{width:100% !important;order : 0;}.fusion-builder-column-0 > .fusion-column-wrapper {margin-right : 1.455%;margin-left : 1.455%;}}</style><div class="fusion-layout-column fusion_builder_column fusion-builder-column-1 fusion_builder_column_1_2 1_2 fusion-flex-column fusion-flex-align-self-flex-start"><div class="fusion-column-wrapper fusion-flex-justify-content-flex-start fusion-content-layout-column" style="background-position:left top;background-repeat:no-repeat;-webkit-background-size:cover;-moz-background-size:cover;-o-background-size:cover;background-size:cover;border-width: 0 0 0 1px;border-color:#76b82d;border-style:solid;padding: 0px 0px 0px 30px;"><div class="fusion-text fusion-text-1" style="transform:translate3d(0,0,0);"><h4>2016</h4>
<p>Del 16 de diciembre de 2016 al 20 de enero de 2017</p>
<h2>Colectivo Cole(A)cción<br />
<em>Espazo residual</em></h2>
</div><div class="fusion-separator" style="align-self: flex-start;margin-right:auto;margin-bottom:20px;width:100%;max-width:10%;"><div class="fusion-separator-border sep-single" style="border-color:#76b82d;border-top-width:5px;"></div></div><div class="fusion-text fusion-text-2" style="transform:translate3d(0,0,0);"><p>Proyecto expositivo impulsado por un grupo de estudiantes del máster en Arte Contemporánea. Creación e Investigación de la Facultad de Bellas Artes de Pontevedra, agrupados en el Colectivo Cole(La)cción. Tomando como punto de partida una serie de obras inacabadas o de materiales empleados para la creación en diferentes disciplinas, este grupo de cerca de 15 estudiantes dio forma a una obra colectiva, que más allá de las jornadas en las que pueda visitarse en este espacio, podrá ser contemplada desde la calle a través de la sombra que proyecta contra una tenerla.</p>
</div></div></div><style type="text/css">.fusion-body .fusion-builder-column-1{width:50% !important;margin-top : 0px;margin-bottom : 20px;}.fusion-builder-column-1 > .fusion-column-wrapper {padding-top : 0px !important;padding-right : 0px !important;margin-right : 2.91%;padding-bottom : 0px !important;padding-left : 30px !important;margin-left : 2.91%;}@media only screen and (max-width:1024px) {.fusion-body .fusion-builder-column-1{width:50% !important;order : 0;}.fusion-builder-column-1 > .fusion-column-wrapper {margin-right : 2.91%;margin-left : 2.91%;}}@media only screen and (max-width:640px) {.fusion-body .fusion-builder-column-1{width:100% !important;order : 0;}.fusion-builder-column-1 > .fusion-column-wrapper {margin-right : 1.455%;margin-left : 1.455%;}}</style></div><style type="text/css">.fusion-body .fusion-flex-container.fusion-builder-row-1{ padding-top : 0px;margin-top : 0px;padding-right : 0px;padding-bottom : 0px;margin-bottom : 0px;padding-left : 0px;}</style></div>
