{"id":39,"date":"2021-03-01T08:14:46","date_gmt":"2021-03-01T07:14:46","guid":{"rendered":"http:\/\/www.fundacionrac.org\/rac\/?page_id=39"},"modified":"2026-04-28T10:22:14","modified_gmt":"2026-04-28T09:22:14","slug":"la-fundacion-2","status":"publish","type":"page","link":"http:\/\/www.fundacionrac.org\/rac\/la-fundacion-2\/","title":{"rendered":"La Fundaci\u00f3n"},"content":{"rendered":"<div class=\"fusion-fullwidth fullwidth-box fusion-builder-row-1 fusion-flex-container nonhundred-percent-fullwidth non-hundred-percent-height-scrolling\" style=\"background-color: rgba(255,255,255,0);background-position: center center;background-repeat: no-repeat;border-width: 0px 0px 0px 0px;border-color:#e2e2e2;border-style:solid;\" ><div class=\"fusion-builder-row fusion-row fusion-flex-align-items-flex-start\" style=\"max-width:1456px;margin-left: calc(-4% \/ 2 );margin-right: calc(-4% \/ 2 );\"><div class=\"fusion-layout-column fusion_builder_column fusion-builder-column-0 fusion_builder_column_2_3 2_3 fusion-flex-column\"><div class=\"fusion-column-wrapper fusion-flex-justify-content-flex-start fusion-content-layout-column\" style=\"background-position:left top;background-repeat:no-repeat;-webkit-background-size:cover;-moz-background-size:cover;-o-background-size:cover;background-size:cover;padding: 0px 0px 0px 0px;\"><div class=\"fusion-slider-sc\"><div class=\"fusion-flexslider-loading flexslider flexslider-hover-type-none\" data-slideshow_autoplay=\"1\" data-slideshow_smooth_height=\"0\" data-slideshow_speed=\"7000\" style=\"max-width:100%;height:100%;\"><ul class=\"slides\"><li class=\"image\"><span class=\"fusion-image-hover-element hover-type-none\"><img decoding=\"async\" src=\"http:\/\/www.fundacionrac.org\/rac\/wp-content\/uploads\/DamianUcieda-1200x600.jpg\" alt=\"Damian Ucieda\" width=\"1200\" height=\"600\" class=\"wp-image-53\" srcset=\"http:\/\/www.fundacionrac.org\/rac\/wp-content\/uploads\/DamianUcieda-200x100.jpg 200w, http:\/\/www.fundacionrac.org\/rac\/wp-content\/uploads\/DamianUcieda-400x200.jpg 400w, http:\/\/www.fundacionrac.org\/rac\/wp-content\/uploads\/DamianUcieda-600x300.jpg 600w, http:\/\/www.fundacionrac.org\/rac\/wp-content\/uploads\/DamianUcieda-800x400.jpg 800w, http:\/\/www.fundacionrac.org\/rac\/wp-content\/uploads\/DamianUcieda-1200x600.jpg 1200w\" sizes=\"(max-width: 640px) 100vw, 1200px\" \/><\/span><\/li><li class=\"image\"><span class=\"fusion-image-hover-element hover-type-none\"><img decoding=\"async\" src=\"http:\/\/www.fundacionrac.org\/rac\/wp-content\/uploads\/DiegoSantome-scaled.jpg\" alt=\"Diego Santom\u00e9\" width=\"2560\" height=\"1283\" class=\"wp-image-55\" srcset=\"http:\/\/www.fundacionrac.org\/rac\/wp-content\/uploads\/DiegoSantome-200x100.jpg 200w, http:\/\/www.fundacionrac.org\/rac\/wp-content\/uploads\/DiegoSantome-400x200.jpg 400w, http:\/\/www.fundacionrac.org\/rac\/wp-content\/uploads\/DiegoSantome-600x301.jpg 600w, http:\/\/www.fundacionrac.org\/rac\/wp-content\/uploads\/DiegoSantome-800x401.jpg 800w, http:\/\/www.fundacionrac.org\/rac\/wp-content\/uploads\/DiegoSantome-1200x601.jpg 1200w, http:\/\/www.fundacionrac.org\/rac\/wp-content\/uploads\/DiegoSantome-scaled.jpg 2560w\" sizes=\"(max-width: 640px) 100vw, 1200px\" \/><\/span><\/li><li class=\"image\"><span class=\"fusion-image-hover-element hover-type-none\"><img decoding=\"async\" src=\"http:\/\/www.fundacionrac.org\/rac\/wp-content\/uploads\/Expo1-scaled.jpg\" alt=\"Colectiva\" width=\"2560\" height=\"1280\" class=\"wp-image-57\" srcset=\"http:\/\/www.fundacionrac.org\/rac\/wp-content\/uploads\/Expo1-200x100.jpg 200w, http:\/\/www.fundacionrac.org\/rac\/wp-content\/uploads\/Expo1-400x200.jpg 400w, http:\/\/www.fundacionrac.org\/rac\/wp-content\/uploads\/Expo1-600x300.jpg 600w, http:\/\/www.fundacionrac.org\/rac\/wp-content\/uploads\/Expo1-800x400.jpg 800w, http:\/\/www.fundacionrac.org\/rac\/wp-content\/uploads\/Expo1-1200x600.jpg 1200w, http:\/\/www.fundacionrac.org\/rac\/wp-content\/uploads\/Expo1-scaled.jpg 2560w\" sizes=\"(max-width: 640px) 100vw, 1200px\" \/><\/span><\/li><li class=\"image\"><span class=\"fusion-image-hover-element hover-type-none\"><img decoding=\"async\" src=\"http:\/\/www.fundacionrac.org\/rac\/wp-content\/uploads\/HectorZamora.jpg\" alt=\"H\u00e9ctor Zamora\" width=\"1918\" height=\"960\" class=\"wp-image-59\" srcset=\"http:\/\/www.fundacionrac.org\/rac\/wp-content\/uploads\/HectorZamora-200x100.jpg 200w, http:\/\/www.fundacionrac.org\/rac\/wp-content\/uploads\/HectorZamora-400x200.jpg 400w, http:\/\/www.fundacionrac.org\/rac\/wp-content\/uploads\/HectorZamora-600x300.jpg 600w, http:\/\/www.fundacionrac.org\/rac\/wp-content\/uploads\/HectorZamora-800x400.jpg 800w, http:\/\/www.fundacionrac.org\/rac\/wp-content\/uploads\/HectorZamora-1200x601.jpg 1200w, http:\/\/www.fundacionrac.org\/rac\/wp-content\/uploads\/HectorZamora.jpg 1918w\" sizes=\"(max-width: 640px) 100vw, 1200px\" \/><\/span><\/li><li class=\"image\"><span class=\"fusion-image-hover-element hover-type-none\"><img decoding=\"async\" src=\"http:\/\/www.fundacionrac.org\/rac\/wp-content\/uploads\/IgnacioAballi-scaled.jpg\" alt=\"Ignasi Aballi\" width=\"2560\" height=\"1281\" class=\"wp-image-61\" srcset=\"http:\/\/www.fundacionrac.org\/rac\/wp-content\/uploads\/IgnacioAballi-200x100.jpg 200w, http:\/\/www.fundacionrac.org\/rac\/wp-content\/uploads\/IgnacioAballi-400x200.jpg 400w, http:\/\/www.fundacionrac.org\/rac\/wp-content\/uploads\/IgnacioAballi-600x300.jpg 600w, http:\/\/www.fundacionrac.org\/rac\/wp-content\/uploads\/IgnacioAballi-800x400.jpg 800w, http:\/\/www.fundacionrac.org\/rac\/wp-content\/uploads\/IgnacioAballi-1200x600.jpg 1200w, http:\/\/www.fundacionrac.org\/rac\/wp-content\/uploads\/IgnacioAballi-scaled.jpg 2560w\" sizes=\"(max-width: 640px) 100vw, 1200px\" \/><\/span><\/li><li class=\"image\"><span class=\"fusion-image-hover-element hover-type-none\"><img decoding=\"async\" src=\"http:\/\/www.fundacionrac.org\/rac\/wp-content\/uploads\/IrmaAlvLaviada-scaled.jpg\" alt=\"Irma \u00c1lvarez Laviada\" width=\"2560\" height=\"1278\" class=\"wp-image-63\" srcset=\"http:\/\/www.fundacionrac.org\/rac\/wp-content\/uploads\/IrmaAlvLaviada-200x100.jpg 200w, http:\/\/www.fundacionrac.org\/rac\/wp-content\/uploads\/IrmaAlvLaviada-400x200.jpg 400w, http:\/\/www.fundacionrac.org\/rac\/wp-content\/uploads\/IrmaAlvLaviada-600x300.jpg 600w, http:\/\/www.fundacionrac.org\/rac\/wp-content\/uploads\/IrmaAlvLaviada-800x399.jpg 800w, http:\/\/www.fundacionrac.org\/rac\/wp-content\/uploads\/IrmaAlvLaviada-1200x599.jpg 1200w, http:\/\/www.fundacionrac.org\/rac\/wp-content\/uploads\/IrmaAlvLaviada-scaled.jpg 2560w\" sizes=\"(max-width: 640px) 100vw, 1200px\" \/><\/span><\/li><li class=\"image\"><span class=\"fusion-image-hover-element hover-type-none\"><img decoding=\"async\" src=\"http:\/\/www.fundacionrac.org\/rac\/wp-content\/uploads\/Lenguajemirada5-scaled.jpg\" alt=\"Lenguaje y mirada\" width=\"2560\" height=\"1277\" class=\"wp-image-65\" srcset=\"http:\/\/www.fundacionrac.org\/rac\/wp-content\/uploads\/Lenguajemirada5-200x100.jpg 200w, http:\/\/www.fundacionrac.org\/rac\/wp-content\/uploads\/Lenguajemirada5-400x199.jpg 400w, http:\/\/www.fundacionrac.org\/rac\/wp-content\/uploads\/Lenguajemirada5-600x299.jpg 600w, http:\/\/www.fundacionrac.org\/rac\/wp-content\/uploads\/Lenguajemirada5-800x399.jpg 800w, http:\/\/www.fundacionrac.org\/rac\/wp-content\/uploads\/Lenguajemirada5-1200x598.jpg 1200w, http:\/\/www.fundacionrac.org\/rac\/wp-content\/uploads\/Lenguajemirada5-scaled.jpg 2560w\" sizes=\"(max-width: 640px) 100vw, 1200px\" \/><\/span><\/li><li class=\"image\"><span class=\"fusion-image-hover-element hover-type-none\"><img decoding=\"async\" src=\"http:\/\/www.fundacionrac.org\/rac\/wp-content\/uploads\/Lenguajemirada5-scaled.jpg\" alt=\"Lenguaje y mirada\" width=\"2560\" height=\"1277\" class=\"wp-image-65\" srcset=\"http:\/\/www.fundacionrac.org\/rac\/wp-content\/uploads\/Lenguajemirada5-200x100.jpg 200w, http:\/\/www.fundacionrac.org\/rac\/wp-content\/uploads\/Lenguajemirada5-400x199.jpg 400w, http:\/\/www.fundacionrac.org\/rac\/wp-content\/uploads\/Lenguajemirada5-600x299.jpg 600w, http:\/\/www.fundacionrac.org\/rac\/wp-content\/uploads\/Lenguajemirada5-800x399.jpg 800w, http:\/\/www.fundacionrac.org\/rac\/wp-content\/uploads\/Lenguajemirada5-1200x598.jpg 1200w, http:\/\/www.fundacionrac.org\/rac\/wp-content\/uploads\/Lenguajemirada5-scaled.jpg 2560w\" sizes=\"(max-width: 640px) 100vw, 1200px\" \/><\/span><\/li><li class=\"image\"><span class=\"fusion-image-hover-element hover-type-none\"><img decoding=\"async\" src=\"http:\/\/www.fundacionrac.org\/rac\/wp-content\/uploads\/RosendoCid-scaled.jpg\" alt=\"Rosendo Cid\" width=\"2560\" height=\"1280\" class=\"wp-image-69\" srcset=\"http:\/\/www.fundacionrac.org\/rac\/wp-content\/uploads\/RosendoCid-200x100.jpg 200w, http:\/\/www.fundacionrac.org\/rac\/wp-content\/uploads\/RosendoCid-400x200.jpg 400w, http:\/\/www.fundacionrac.org\/rac\/wp-content\/uploads\/RosendoCid-600x300.jpg 600w, http:\/\/www.fundacionrac.org\/rac\/wp-content\/uploads\/RosendoCid-800x400.jpg 800w, http:\/\/www.fundacionrac.org\/rac\/wp-content\/uploads\/RosendoCid-1200x600.jpg 1200w, http:\/\/www.fundacionrac.org\/rac\/wp-content\/uploads\/RosendoCid-scaled.jpg 2560w\" sizes=\"(max-width: 640px) 100vw, 1200px\" \/><\/span><\/li><li class=\"image\"><span class=\"fusion-image-hover-element hover-type-none\"><img decoding=\"async\" src=\"http:\/\/www.fundacionrac.org\/rac\/wp-content\/uploads\/SaraColeman-1200x600.jpg\" alt=\"Sara Coleman\" width=\"1200\" height=\"600\" class=\"wp-image-71\" srcset=\"http:\/\/www.fundacionrac.org\/rac\/wp-content\/uploads\/SaraColeman-200x100.jpg 200w, http:\/\/www.fundacionrac.org\/rac\/wp-content\/uploads\/SaraColeman-400x200.jpg 400w, http:\/\/www.fundacionrac.org\/rac\/wp-content\/uploads\/SaraColeman-600x300.jpg 600w, http:\/\/www.fundacionrac.org\/rac\/wp-content\/uploads\/SaraColeman-800x400.jpg 800w, http:\/\/www.fundacionrac.org\/rac\/wp-content\/uploads\/SaraColeman-1200x600.jpg 1200w\" sizes=\"(max-width: 640px) 100vw, 1200px\" \/><\/span><\/li><li class=\"image\"><span class=\"fusion-image-hover-element hover-type-none\"><img decoding=\"async\" src=\"http:\/\/www.fundacionrac.org\/rac\/wp-content\/uploads\/VeronicaVicente-scaled.jpg\" alt=\"Veronica Vicente\" width=\"2560\" height=\"1280\" class=\"wp-image-1749\" srcset=\"http:\/\/www.fundacionrac.org\/rac\/wp-content\/uploads\/VeronicaVicente-200x100.jpg 200w, http:\/\/www.fundacionrac.org\/rac\/wp-content\/uploads\/VeronicaVicente-400x200.jpg 400w, http:\/\/www.fundacionrac.org\/rac\/wp-content\/uploads\/VeronicaVicente-600x300.jpg 600w, http:\/\/www.fundacionrac.org\/rac\/wp-content\/uploads\/VeronicaVicente-800x400.jpg 800w, http:\/\/www.fundacionrac.org\/rac\/wp-content\/uploads\/VeronicaVicente-1200x600.jpg 1200w, http:\/\/www.fundacionrac.org\/rac\/wp-content\/uploads\/VeronicaVicente-scaled.jpg 2560w\" sizes=\"(max-width: 640px) 100vw, 1200px\" \/><\/span><\/li><li class=\"image\"><span class=\"fusion-image-hover-element hover-type-none\"><img decoding=\"async\" src=\"http:\/\/www.fundacionrac.org\/rac\/wp-content\/uploads\/Frank_Buschmann_1-1-scaled.jpg\" alt=\"Frank Buschmann\" width=\"2560\" height=\"1302\" class=\"wp-image-1750\" srcset=\"http:\/\/www.fundacionrac.org\/rac\/wp-content\/uploads\/Frank_Buschmann_1-1-200x102.jpg 200w, http:\/\/www.fundacionrac.org\/rac\/wp-content\/uploads\/Frank_Buschmann_1-1-400x203.jpg 400w, http:\/\/www.fundacionrac.org\/rac\/wp-content\/uploads\/Frank_Buschmann_1-1-600x305.jpg 600w, http:\/\/www.fundacionrac.org\/rac\/wp-content\/uploads\/Frank_Buschmann_1-1-800x407.jpg 800w, http:\/\/www.fundacionrac.org\/rac\/wp-content\/uploads\/Frank_Buschmann_1-1-1200x610.jpg 1200w, http:\/\/www.fundacionrac.org\/rac\/wp-content\/uploads\/Frank_Buschmann_1-1-scaled.jpg 2560w\" sizes=\"(max-width: 640px) 100vw, 1200px\" \/><\/span><\/li><\/ul><\/div><\/div><div class=\"fusion-separator\" style=\"align-self: flex-start;margin-right:auto;margin-bottom:20px;width:100%;max-width:15%;\"><div class=\"fusion-separator-border sep-single\" style=\"border-color:#76b82d;border-top-width:5px;\"><\/div><\/div><div class=\"fusion-text fusion-text-1 separador_verde\" style=\"transform:translate3d(0,0,0);\"><p class=\"EstiloFundacion\">La <span class=\"Estilounotext\">Fundaci\u00f3n Ros\u00f3n<\/span> Arte Contempor\u00e1neo con sede en la ciudad de Pontevedra, en Galicia, tiene como finalidad principal el apoyo al arte y la cultura mediante la realizaci\u00f3n de proyectos y actividades que incentiven la creaci\u00f3n art\u00edstica y su difusi\u00f3n tanto en el contexto gallego como en el marco nacional e internacional.<\/p>\n<p class=\"EstiloFundacion\">Asimismo, la fundaci\u00f3n es depositaria de una colecci\u00f3n privada de m\u00e1s de 300 obras de 170 artistas nacionales e internacionales. Esta colecci\u00f3n se exhibe parcialmente, tanto en las instalaciones de la Fundaci\u00f3n como en diversas exposiciones en forma de pr\u00e9stamos, siempre con la finalidad de ofrecer una visi\u00f3n del arte contempor\u00e1neo para promover el conocimiento y la reflexi\u00f3n sobre el arte de nuestro tiempo.<\/p>\n<p class=\"EstiloFundacion\">Con el objetivo de fomentar el di\u00e1logo entre las instancias art\u00edsticas y el tejido social, la <span class=\"Estilounotext\">Fundaci\u00f3n Rac<\/span> ha asumido el compromiso de apoyar la creaci\u00f3n contempor\u00e1nea mediante la instauraci\u00f3n del Programa de Residencias. De este modo la fundaci\u00f3n invita a artistas procedentes de distintos paises del mundo a realizar proyectos espec\u00edficos para ser desarrollados y presentados en su sede, en el centro hist\u00f3rico de la ciudad de Pontevedra. Este programa abre as\u00ed la vinculaci\u00f3n de la Fundaci\u00f3n con el arte contempor\u00e1neo m\u00e1s all\u00e1 del mero coleccionismo para integrarse en todas las etapas del proceso creativo.<\/p>\n<p class=\"EstiloFundacion\">Paralelamente la <span class=\"Estilounotext\">Fundaci\u00f3n Rac<\/span> desarrolla una importante labor pedag\u00f3gica y formativa con visitas guiadas a la colecci\u00f3n, encuentros entre estudiantes y artistas y actividades relacionadas con la literatura.<\/p>\n<p><span class=\"EstiloFundaciondos\">La <\/span><span class=\"Estiloidiomatextdos\">Fundaci\u00f3n Rac<\/span><span class=\"EstiloFundaciondos\">, inaugurada en junio de 2007, ha sido declarada de inter\u00e9s gallego por parte de la Conseller\u00eda de Cultura e Deporte, a la que ha sido adscrita, consider\u00e1ndose como una instituci\u00f3n jur\u00eddica privada sin \u00e1nimo de lucro<\/span><\/p>\n<\/div><\/div><\/div><style type=\"text\/css\">.fusion-body .fusion-builder-column-0{width:66.666666666667% !important;margin-top : 0px;margin-bottom : 20px;}.fusion-builder-column-0 > .fusion-column-wrapper {padding-top : 0px !important;padding-right : 0px !important;margin-right : 2.88%;padding-bottom : 0px !important;padding-left : 0px !important;margin-left : 2.88%;}@media only screen and (max-width:1024px) {.fusion-body .fusion-builder-column-0{width:66.666666666667% !important;order : 0;}.fusion-builder-column-0 > .fusion-column-wrapper {margin-right : 2.88%;margin-left : 2.88%;}}@media only screen and (max-width:640px) {.fusion-body .fusion-builder-column-0{width:100% !important;order : 0;}.fusion-builder-column-0 > .fusion-column-wrapper {margin-right : 1.92%;margin-left : 1.92%;}}<\/style><div class=\"fusion-layout-column fusion_builder_column fusion-builder-column-1 fusion_builder_column_1_3 1_3 fusion-flex-column\"><div class=\"fusion-column-wrapper fusion-flex-justify-content-flex-start fusion-content-layout-column\" style=\"background-position:left top;background-repeat:no-repeat;-webkit-background-size:cover;-moz-background-size:cover;-o-background-size:cover;background-size:cover;border-width: 0 0 0 1px;border-color:#76b82d;border-style:solid;padding: 0px 0px 0px 20px;\"><div class=\"fusion-text fusion-text-2\" style=\"transform:translate3d(0,0,0);\"><h4 class=\"widget-title\">PATRONATO<\/h4>\n<div class=\"textwidget\">\n<p>Presidente fundador<br \/>\n<strong>Carlos Ros\u00f3n Gasalla<\/strong><\/p>\n<p>Vicepresidenta<br \/>\n<strong>Julieta Rojo Noguera<\/strong><\/p>\n<p>Secretario<br \/>\n<strong>F\u00e9lix Garc\u00eda Gonz\u00e1lez<\/strong><\/p>\n<p>Vocales<br \/>\n<strong>Dan Cameron<\/strong><br \/>\n<strong>Lorena M. de Corral<\/strong><br \/>\n<strong>J. F\u00e9lix Garc\u00eda Mart\u00edn<\/strong><br \/>\n<strong>Cecilia Pereira Marim\u00f3n<\/strong><br \/>\n<strong>J. F\u00e9lix de Rivera Garc\u00eda-Manzano<\/strong><br \/>\n<strong>Carlota Ros\u00f3n Rojo<\/strong><br \/>\n<strong>Santiago Ros\u00f3n Rojo<\/strong><\/p>\n<\/div>\n<\/div><div class=\"fusion-separator fusion-full-width-sep\" style=\"align-self: flex-start;margin-right:auto;margin-top:20px;margin-bottom:20px;width:100%;max-width:100%;\"><div class=\"fusion-separator-border sep-single\" style=\"border-color:#76b82d;border-top-width:1px;\"><\/div><\/div><style type=\"text\/css\">@media only screen and (max-width:1024px) {.fusion-title.fusion-title-1{margin-top:15px!important;margin-bottom:10px!important;}}@media only screen and (max-width:640px) {.fusion-title.fusion-title-1{margin-top:10px!important;margin-bottom:10px!important;}}<\/style><div class=\"fusion-title title fusion-title-1 fusion-sep-none fusion-title-text fusion-title-size-four\" style=\"margin-top:15px;margin-bottom:10px;\"><h4 class=\"title-heading-left\" style=\"margin:0;\"><h4>PREMIOS<\/h4><\/h4><\/div><div class=\"fusion-separator\" style=\"align-self: flex-start;margin-right:auto;margin-bottom:20px;width:100%;max-width:15%;\"><div class=\"fusion-separator-border sep-single\" style=\"border-color:#76b82d;border-top-width:5px;\"><\/div><\/div><div class=\"fusion-text fusion-text-3\" style=\"transform:translate3d(0,0,0);\"><div class=\"textwidget\">\n<h5><a href=\"\/rac?page_id=34\">Premio arte y mezenazgo de \u201dLa Caixa\u201d 2018<\/a><\/h5>\n<h5><a href=\"\/rac?page_id=100\">Premio ARCO al coleccionismo 2009<\/a><\/h5>\n<\/div>\n<\/div><div class=\"fusion-separator fusion-full-width-sep\" style=\"align-self: flex-start;margin-right:auto;margin-top:20px;margin-bottom:20px;width:100%;max-width:100%;\"><div class=\"fusion-separator-border sep-single\" style=\"border-color:#76b82d;border-top-width:1px;\"><\/div><\/div><div class=\"fusion-text fusion-text-4\" style=\"transform:translate3d(0,0,0);\"><h4>ESPACIO<\/h4>\n<\/div><div ><span class=\" fusion-imageframe imageframe-none imageframe-1 hover-type-none\"><a class=\"fusion-no-lightbox\" href=\"http:\/\/www.fundacionrac.org\/rac\/espacio\/\" target=\"_self\" aria-label=\"espacio\"><img decoding=\"async\" width=\"2560\" height=\"1674\" alt=\"espacio\" src=\"http:\/\/www.fundacionrac.org\/rac\/wp-content\/uploads\/MG_1527-1-scaled.jpg\" class=\"img-responsive wp-image-1574\" srcset=\"http:\/\/www.fundacionrac.org\/rac\/wp-content\/uploads\/MG_1527-1-200x131.jpg 200w, http:\/\/www.fundacionrac.org\/rac\/wp-content\/uploads\/MG_1527-1-400x262.jpg 400w, http:\/\/www.fundacionrac.org\/rac\/wp-content\/uploads\/MG_1527-1-600x392.jpg 600w, http:\/\/www.fundacionrac.org\/rac\/wp-content\/uploads\/MG_1527-1-800x523.jpg 800w, http:\/\/www.fundacionrac.org\/rac\/wp-content\/uploads\/MG_1527-1-1200x785.jpg 1200w, http:\/\/www.fundacionrac.org\/rac\/wp-content\/uploads\/MG_1527-1-scaled.jpg 2560w\" sizes=\"(max-width: 640px) 100vw, 600px\" \/><\/a><\/span><\/div><div class=\"fusion-separator\" style=\"align-self: flex-start;margin-right:auto;margin-top:15px;margin-bottom:20px;width:100%;max-width:15%;\"><div class=\"fusion-separator-border sep-single\" style=\"border-color:#76b82d;border-top-width:5px;\"><\/div><\/div><\/div><\/div><style type=\"text\/css\">.fusion-body .fusion-builder-column-1{width:33.333333333333% !important;margin-top : 0px;margin-bottom : 20px;}.fusion-builder-column-1 > .fusion-column-wrapper {padding-top : 0px !important;padding-right : 0px !important;margin-right : 5.76%;padding-bottom : 0px !important;padding-left : 20px !important;margin-left : 5.76%;}@media only screen and (max-width:1024px) {.fusion-body .fusion-builder-column-1{width:33.333333333333% !important;order : 0;}.fusion-builder-column-1 > .fusion-column-wrapper {margin-right : 5.76%;margin-left : 5.76%;}}@media only screen and (max-width:640px) {.fusion-body .fusion-builder-column-1{width:100% !important;order : 0;}.fusion-builder-column-1 > .fusion-column-wrapper {margin-right : 1.92%;margin-left : 1.92%;}}<\/style><\/div><style type=\"text\/css\">.fusion-body .fusion-flex-container.fusion-builder-row-1{ padding-top : 0px;margin-top : 0px;padding-right : 0px;padding-bottom : 0px;margin-bottom : 0px;padding-left : 0px;}<\/style><\/div>\n","protected":false},"excerpt":{"rendered":"","protected":false},"author":1,"featured_media":0,"parent":0,"menu_order":0,"comment_status":"closed","ping_status":"closed","template":"","meta":{"footnotes":""},"class_list":["post-39","page","type-page","status-publish","hentry"],"_links":{"self":[{"href":"http:\/\/www.fundacionrac.org\/rac\/wp-json\/wp\/v2\/pages\/39","targetHints":{"allow":["GET"]}}],"collection":[{"href":"http:\/\/www.fundacionrac.org\/rac\/wp-json\/wp\/v2\/pages"}],"about":[{"href":"http:\/\/www.fundacionrac.org\/rac\/wp-json\/wp\/v2\/types\/page"}],"author":[{"embeddable":true,"href":"http:\/\/www.fundacionrac.org\/rac\/wp-json\/wp\/v2\/users\/1"}],"replies":[{"embeddable":true,"href":"http:\/\/www.fundacionrac.org\/rac\/wp-json\/wp\/v2\/comments?post=39"}],"version-history":[{"count":19,"href":"http:\/\/www.fundacionrac.org\/rac\/wp-json\/wp\/v2\/pages\/39\/revisions"}],"predecessor-version":[{"id":2854,"href":"http:\/\/www.fundacionrac.org\/rac\/wp-json\/wp\/v2\/pages\/39\/revisions\/2854"}],"wp:attachment":[{"href":"http:\/\/www.fundacionrac.org\/rac\/wp-json\/wp\/v2\/media?parent=39"}],"curies":[{"name":"wp","href":"https:\/\/api.w.org\/{rel}","templated":true}]}}